nder when 39776 is divided by 1698?
722
Calculate the remainder when 91759 is divided by 30517.
208
Calculate the remainder when 40040 is divided by 728.
0
What is the remainder when 200738940 is divided by 100369464?
12
What is the remainder when 371215 is divided by 40940?
2755
What is the remainder when 1621247 is divided by 1937?
1915
What is the remainder when 178913 is divided by 2361?
1838
What is the remainder when 327490 is divided by 1337?
1262
What is the remainder when 16293424 is divided by 3798?
4
Calculate the remainder when 1433156 is divided by 35788.
1636
What is the remainder when 20052317 is divided by 20052144?
173
Calculate the remainder when 340160 is divided by 11.
7
What is the remainder when 11431107 is divided by 49?
44
What is the remainder when 822217 is divided by 327?
139
What is the remainder when 121942 is divided by 60551?
840
What is the remainder when 309658 is divided by 2216?
1634
What is the remainder when 1400063 is divided by 2233?
2205
What is the remainder when 4402605 is divided by 33353?
9
What is the remainder when 11747590 is divided by 1469?
1466
What is the remainder when 1431156 is divided by 18115?
71
Calculate the remainder when 495819 is divided by 1641.
237
What is the remainder when 580116 is divided by 374?
42
Calculate the remainder when 14738140 is divided by 1486.
1478
Calculate the remainder when 825524 is divided by 739.
61
Calculate the remainder when 1330628 is divided by 1460.
568
What is the remainder when 880533 is divided by 293504?
21
What is the remainder when 114633 is divided by 1304?
1185
What is the remainder when 1317327 is divided by 170?
167
What is the remainder when 183084619 is divided by 72?
67
Calculate the remainder when 23547 is divided by 193.
1
What is the remainder when 84789 is divided by 1205?
439
Calculate the remainder when 301970 is divided by 4771.
1397
Calculate the remainder when 154549 is divided by 17160.
109
Calculate the remainder when 408948 is divided by 599.
430
What is the remainder when 78397534 is divided by 96?
94
What is the remainder when 724242 is divided by 118?
76
What is the remainder when 931726 is divided by 113?
41
What is the remainder when 228180 is divided by 117?
30
Calculate the remainder when 14336601 is divided by 1124.
1105
What is the remainder when 25847888 is divided by 82318?
36
Calculate the remainder when 6243518 is divided by 320.
318
What is the remainder when 962979 is divided by 179?
138
What is the remainder when 114394678 is divided by 2290?
18
Calculate the remainder when 57004 is divided by 1292.
156
Calculate the remainder when 223571 is divided by 1775.
1696
Calculate the remainder when 87491027 is divided by 10920.
10907
Calculate the remainder when 57247397 is divided by 3605.
3602
Calculate the remainder when 11164205 is divided by 5630.
5545
What is the remainder when 6749541 is divided by 233?
230
What is the remainder when 526995 is divided by 523900?
3095
Calculate the remainder when 1142952 is divided by 142723.
1168
Calculate the remainder when 170175 is divided by 271.
258
What is the remainder when 38833187 is divided by 2172?
2171
Calculate the remainder when 560713 is divided by 559645.
1068
What is the remainder when 47388 is divided by 3879?
840
Calculate the remainder when 1025043 is divided by 100.
43
What is the remainder when 12186760 is divided by 161?
26
Calculate the remainder when 86522123 is divided by 8652212.
3
Calculate the remainder when 5961594 is divided by 543.
540
What is the remainder when 11523 is divided by 10587?
936
Calculate the remainder when 1466088 is divided by 58585.
1463
What is the remainder when 887050 is divided by 221747?
62
What is the remainder when 538166 is divided by 5319?
947
What is the remainder when 17473489 is divided by 662?
661
Calculate the remainder when 566828 is divided by 70853.
4
What is the remainder when 1207610 is divided by 402536?
2
What is the remainder when 3291121 is divided by 3291078?
43
What is the remainder when 606845 is divided by 201527?
2264
Calculate the remainder when 10110615 is divided by 10110615.
0
What is the remainder when 67886 is divided by 1302?
182
Calculate the remainder when 33890361 is divided by 2498.
2493
Calculate the remainder when 24402863 is divided by 4880572.
3
Calculate the remainder when 145147 is divided by 11998.
1171
What is the remainder when 742565 is divided by 840?
5
What is the remainder when 764904922 is divided by 63?
61
What is the remainder when 105803 is divided by 13161?
515
What is the remainder when 328443 is divided by 5762?
9
Calculate the remainder when 115592 is divided by 24.
8
Calculate the remainder when 13933657 is divided by 24705.
37
Calculate the remainder when 4481 is divided by 1686.
1109
Calculate the remainder when 561156609 is divided by 87.
84
Calculate the remainder when 58871 is divided by 3479.
3207
What is the remainder when 17976 is divided by 17069?
907
Calculate the remainder when 148705 is divided by 15805.
6460
What is the remainder when 3591693 is divided by 987?
0
Calculate the remainder when 67415527 is divided by 47.
43
What is the remainder when 308978 is divided by 101073?
5759
What is the remainder when 9221670 is divided by 399?
381
What is the remainder when 106488217 is divided by 148?
145
What is the remainder when 375617 is divided by 222?
215
Calculate the remainder when 216334 is divided by 3489.
16
What is the remainder when 33993 is divided by 33778?
215
Calculate the remainder when 748250 is divided by 203.
195
Calculate the remainder when 584904 is divided by 34333.
1243
Calculate the remainder when 507484 is divided by 610.
574
Calculate the remainder when 673185 is divided by 244.
233
What is the remainder when 982364 is divided by 91?
19
Calculate the remainder when 1353167 is divided by 4885.
22
Calculate the remainder when 34272 is divided by 961.
637
Calculate the remainder when 600177 is divided by 5175.
5052
Calculate the remainder when 35267 is divided by 35135.
132
Calculate the remainder when 757394 is divided by 224.
50
What is the remainder when 490966 is divided by 98189?
21
Calculate the remainder when 60610 is divided by 99.
22
Calculate the remainder when 232404 is divided by 258.
204
What is the remainder when 56279637 is divided by 542?
525
What is the remainder when 2982 is divided by 245?
42
Calculate the remainder when 67445503 is divided by 70.
13
What is the remainder when 9511739 is divided by 90?
89
Calculate the remainder when 655382 is divided by 40958.
54
Calculate the remainder when 1777303 is divided by 592428.
19
What is the remainder when 4762655 is divided by 2381320?
15
What is the remainder when 152046 is divided by 50633?
147
Calculate the remainder when 21619 is divided by 3398.
1231
Calculate the remainder when 2667054 is divided by 16356.
1026
What is the remainder when 98515 is divided by 1173?
1156
Calculate the remainder when 37558 is divided by 18752.
54
Calculate the remainder when 10354646 is divided by 1479235.
1
Calculate the remainder when 335845 is divided by 167908.
29
Calculate the remainder when 77666 is divided by 19406.
42
Calculate the remainder when 7770310 is divided by 129505.
10
What is the remainder when 14201 is divided by 1170?
161
What is the remainder when 85879571 is divided by 675?
671
Calculate the remainder when 95202897 is divided by 309.
306
Calculate the remainder when 7714074 is divided by 180.
174
Calculate the remainder when 3072628 is divided by 236308.
624
Calculate the remainder when 1114710 is divided by 2545.
0
What is the remainder when 342643 is divided by 6851?
93
Calculate the remainder when 216517 is divided by 1204.
1001
Calculate the remainder when 748550 is divided by 44024.
142
Calculate the remainder when 65885 is divided by 5349.
1697
What is the remainder when 764605 is divided by 29406?
49
What is the remainder when 9469766 is divided by 3156585?
11
Calculate the remainder when 8694 is divided by 4114.
466
What is the remainder when 183600 is divided by 72?
0
Calculate the remainder when 932888 is divided by 345.
8
Calculate the remainder when 153636 is divided by 87.
81
Calculate the remainder when 1106290 is divided by 108.
46
Calculate the remai